-4*l - 4*x + 71 + v, -4*x = -4*l + 304. What is the units digit of l?
9
Suppose 16*g - 27501 - 15123 = 0. What is the thousands digit of g?
2
Let m(h) = 384*h**3 - h**2 - 4*h + 3. Let t be m(2). Let a = 4846 - t. What is the hundreds digit of a?
7
Let f(g) = -2965*g**3 + 7*g + 8. What is the hundreds digit of f(-1)?
9
Suppose -2*r + 8 = -0*r, 2*x + 5*r = -16. Let g(t) = -19*t - 38. Let l(q) = 5*q + 9. Let c(s) = x*l(s) - 4*g(s). What is the tens digit of c(-8)?
0
What is the thousands digit of ((12/20)/(96/1120))/((-2)/(-1790))?
6
Let b(t) = 74*t**2 + 2*t + 4. Let f be b(-3). Let z be -3 + 8*(-3)/(-3)*1. Suppose 3*r - f = -z*k + 533, -3*k + 695 = -4*r. What is the hundreds digit of k?
2
Suppose -2*b + 3*u = -212, -2*u = 3*u. Suppose -b*p + 600 = -104*p. What is the hundreds digit of p?
3
Suppose 19500 = 11*o - 37*o. Let m = 2289 + o. What is the hundreds digit of m?
5
Let x(i) = 141*i**2 - 55*i + 412. What is the thousands digit of x(13)?
3
Let u be (-4 + 30/4)*-2*3. Let b = u + 127. Let f = -46 + b. What is the tens digit of f?
6
Let r(k) = k**3 + 70*k**2 - 38*k + 182. What is the hundreds digit of r(-31)?
8
Suppose -2*z + 3*y + 3976 = 0, 317*z - y - 9953 = 312*z. What is the units digit of z?
1
Suppose -156*s + 286848 = -120*s. What is the thousands digit of s?
7
Let c(f) = f**3 + 4*f**2 - 3*f + 7. Let b be c(-5). Let p(j) be the second derivative of -16*j**3/3 - 3*j**2/2 - 3*j. What is the tens digit of p(b)?
9
Let p(q) be the first derivative of q**3 + 19*q**2/2 - 45*q - 3. What is the tens digit of p(7)?
3
Let r(a) = 431*a**2 - 159*a - 175. What is the units digit of r(-7)?
7
Let o be (295/(-177))/(2/(-6)). Suppose -3*k - 2*k + 760 = o*q, 0 = -4*q + 4*k + 592. What is the tens digit of q?
5
Suppose -3*i = -2*i. Suppose -24 = -3*j + 2*z, -4*z + 36 = -2*j + 60. Suppose i = 4*r + 2*f - 294, -j*r - 4*f = -r - 360. What is the tens digit of r?
7
Let j be ((-20)/(-40))/((-2)/(-2748)). Let q = 1733 - j. What is the hundreds digit of q?
0
Let p = 302 + -175. Let f(l) = -l**3 - 8*l**2 + 4*l + 22. Let s be f(-4). Let o = p + s. What is the units digit of o?
9
Suppose -5*x + 44 = -4*v - 20, 0 = 2*v + 2*x + 14. Let y(k) = -17*k - 49. What is the units digit of y(v)?
8
Suppose -3*h = 5*q - 11 - 4, -h + 3 = q. Suppose 5*n = q*p + 4187, 3*n + 5*p + 1690 = 5*n. What is the tens digit of n?
3
Let k = 678 + 11318. What is the ten thousands digit of k?
1
Suppose 2*p - 58 = -q + 52, -4*q + 175 = 3*p. Let k = p - 60. Let t(o) = -24*o + 19. What is the hundreds digit of t(k)?
1
Let k(f) = -22 + 67*f**2 - 33*f**2 - 12*f - 33*f**2. What is the tens digit of k(28)?
2
Let m be (4 - (-15)/(-6))*-2. Let o be -3*(m + (-16)/(-4)). Let l(y) = -y**3 - 3*y**2 + 2*y + 7. What is the units digit of l(o)?
1
Let d(p) = p**3 - 32*p**2 - 2*p + 122. What is the tens digit of d(32)?
5
Let n(x) = 3*x + 162. Let j(t) = t - 5. Let d(o) = -3*o + 15. Let i(b) = -3*d(b) - 8*j(b). Let z be i(5). What is the hundreds digit of n(z)?
1
Let i = 286 + -415. Let n = 411 - i. What is the units digit of n?
0
Suppose -7 = -4*a - 3. Let t(k) = -k**2 - k + 1. Let r be t(a). What is the units digit of (-3 + 6)/r*164/(-6)?
2
Let q(b) = 1798*b + 436. What is the hundreds digit of q(4)?
6
Suppose 0 = -40*m + 286299 - 9739. What is the thousands digit of m?
6
Let q be ((-2)/(-4))/((-10)/(-80)). Let i be (-8373)/(-21) - q/(-14). Suppose 3*c - 298 = -0*c - t, i = 4*c + t. What is the units digit of c?
1
Let u be (18/4)/((-9)/(-54)) - 1. Let m = 24 - u. What is the units digit of 1 + 462/3 - m?
7
Suppose 15*c = 13*c + 712. Let u = c + -2. What is the units digit of u?
4
Let i(f) = -11*f - 38. Let r be i(-4). Suppose -4*a + r*a = 374. What is the tens digit of a?
8
Let r(a) = -5*a + 25. Let m be r(-15). Suppose 90*b + 1190 = m*b. What is the tens digit of b?
1
Let u(i) = 143*i**2 + 52*i - 685. What is the thousands digit of u(17)?
1
Suppose 553612 = 151*t - 757672. What is the tens digit of t?
8
Let y(u) = u - 1. Let q be y(5). Let c(t) = -2*t**3 + 11*t**2 - 7*t + 8. What is the units digit of c(q)?
8
Suppose 3*w + 40 = 5*r, -r + 9*w - 12*w = 10. Suppose 74*c = -r*q + 73*c + 7029, 4*c = 5*q - 7034. What is the thousands digit of q?
1
Let g(c) = 2*c + 14. Let y be g(-5). Suppose -a = -m, 0 = -y*m + 2*m. Suppose a = -3*k - 0*k + 171. What is the units digit of k?
7
Let b = 30 - -36. Let v = -68 + b. What is the hundreds digit of (-152)/12*(v + -1 - 9)?
1
Let p be (-14)/(-5) - 3/(60/16). Suppose 1108 = 3*u - u + 5*l, 0 = p*l. Let d = u + -388. What is the tens digit of d?
6
Let b(f) = f**2 - 12*f + 8. Let t be b(10). Let l be (-30)/(-4) - (-18)/t. Suppose -l*d + 408 = -6. What is the tens digit of d?
6
Suppose -6386 = -5*g - 206. Suppose z = 5*z - g. What is the units digit of z?
9
Let h(m) be the first derivative of 2*m**3/3 + 15*m**2/2 - 10*m + 64. What is the tens digit of h(5)?
1
Let t(u) = -u**2 - 6*u - 6. Let g be t(-3). Suppose -g*l - 4*n = -4*l - 95, 4*l + 404 = 4*n. Let v = l + 208. What is the units digit of v?
5
Let s = -201 + 207. Suppose -3*l + s*l + 1722 = 3*n, 5*n = -l + 2894. What is the units digit of n?
8
Suppose -95 + 5 = -18*d. Suppose 2*a + 302 = v - 421, d*a - 2125 = -3*v. What is the units digit of v?
5
Let w = -40 + 42. Suppose -2*v = -10, w*f - 3*f = -5*v - 352. What is the units digit of f?
7
Suppose g = -3*o + 139061, 4*o = 16*g + 80675 + 104809. What is the units digit of o?
5
Suppose 4*t = -y - 612, 8*y = 9*y - 2*t + 618. Let k = y + 1539. What is the tens digit of k?
2
Let m(f) be the second derivative of 16*f**2 + 0 + 0*f**3 + 1/4*f**4 - 7*f. What is the units digit of m(0)?
2
Suppose 0 = -170*h + 174*h + 96. What is the units digit of 10 - 6 - (h + 0 + -1)?
9
Suppose 5*x - 3*f = 53425, -88*x + 86*x + 4*f = -21384. What is the hundreds digit of x?
6
Suppose -74100 = -44*p + 6*p. What is the tens digit of p?
5
Let w = -46559 + 98270. What is the hundreds digit of w?
7
Suppose -4*s = -3*s + z - 33, s + 4*z = 18. Suppose s = -5*u + 58. Suppose -u*m + c - 5*c = -100, c = -3*m + 73. What is the tens digit of m?
2
Let u(n) be the first derivative of -3*n**2 - 11*n - 15. Let q be u(10). Let j = 0 - q. What is the units digit of j?
1
Let j be (-6)/(-27) - 86/9*-32. Suppose -23*m + j = -5*m. Let v(n) = 11*n - 7. What is the hundreds digit of v(m)?
1
Let j = -313 + 148. What is the units digit of (-4147)/j + 2/(-15)?
5
Suppose -81876 = -5*g + 4*c, 0 = -503*g + 498*g - c + 81856. What is the ten thousands digit of g?
1
Suppose -2*c = -7*l + 2248, 0 = l - 16*c + 14*c - 316. What is the tens digit of l?
2
Suppose 0 = 2*n, -j + 4*n + 4 = j. Let o be (-2 - 4)/j - -253. Let c = o + -171. What is the units digit of c?
9
Let v(f) = -4 + 46 - 482*f + 457*f - 3. What is the hundreds digit of v(-9)?
2
Suppose 0 = -40*u + 43*u - 3*q - 32931, 32931 = 3*u + 4*q. What is the ten thousands digit of u?
1
Suppose 15*q + 10*q + 83810 = 54*q. What is the units digit of q?
0
Suppose -3*i + 51348 = 2*p + 12247, -5*p = -4*i + 52104. What is the units digit of i?
1
Suppose t - u = u - 38, -4*u = 3*t + 84. Let w = t - -45. Suppose -w*m + 18*m - 135 = 0. What is the tens digit of m?
2
Suppose -5*j = -4*y + 135666, -8*j + 67854 = 2*y - 7*j. What is the hundreds digit of y?
9
Let t(u) = 11*u + 9. Let f(l) = 22*l + 17. Let m(v) = -4*f(v) + 9*t(v). Let x be m(5). Let j = 104 - x. What is the units digit of j?
6
Let a(j) = 11*j**2 + 16*j + 6. Let o be (-24)/(-42)*7 + 2. What is the units digit of a(o)?
8
Suppose m - 6423 = 2*q, -9*m - 19267 = -12*m + 5*q. What is the units digit of m?
9
What is the units digit of (198797/38 + -16)*12*(-2)/(-9)?
8
Let d(k) be the second derivative of 37*k**3/6 + 6*k. What is the tens digit of d(1)?
3
Let p = 216902 - 151330. What is the units digit of p?
2
What is the tens digit of (1031206/627)/((-1)/(-15))?
7
Suppose 0 = 4*n + 11*b - 7882, 4*n + 97*b - 98*b - 7858 = 0. What is the hundreds digit of n?
9
Suppose 190*p = 254*p - 512768. What is the thousands digit of p?
8
Let b = 4517 + -2602. Suppose 3*w - 2*t = 17 + b, -w = 3*t - 644. What is the tens digit of w?
4
Let x be (6/(-3))/(8/(-12)). Suppose 2*t + 2*n = -3*t + 3030, x*n = -5*t + 3030. Suppose -4*l = -l - t. What is the hundreds digit of l?
2
Let z(s) = -2*s**2 - 4*s + 15. Let t be 10/(-1)*(-11)/(-22). Let m be z(t). Le